8 is divided by 150.
148
Calculate the remainder when 2887 is divided by 57.
37
Calculate the remainder when 497414 is divided by 2144.
6
Calculate the remainder when 14032 is divided by 4657.
61
What is the remainder when 10898 is divided by 29?
23
Calculate the remainder when 3930 is divided by 240.
90
Calculate the remainder when 30441 is divided by 354.
351
What is the remainder when 7363 is divided by 3615?
133
Calculate the remainder when 1259032 is divided by 217.
215
What is the remainder when 53330 is divided by 1088?
18
What is the remainder when 2627 is divided by 73?
72
What is the remainder when 97567 is divided by 53?
47
What is the remainder when 32090 is divided by 382?
2
What is the remainder when 87127 is divided by 29034?
25
Calculate the remainder when 4511 is divided by 1719.
1073
What is the remainder when 5370 is divided by 1067?
35
Calculate the remainder when 63064 is divided by 3319.
3
What is the remainder when 415279 is divided by 839?
813
What is the remainder when 6088 is divided by 8?
0
What is the remainder when 13874 is divided by 5?
4
What is the remainder when 3017 is divided by 721?
133
Calculate the remainder when 147966 is divided by 7397.
26
Calculate the remainder when 144701 is divided by 318.
11
Calculate the remainder when 1708 is divided by 686.
336
Calculate the remainder when 30647 is divided by 2152.
519
What is the remainder when 126689 is divided by 1075?
914
What is the remainder when 8630 is divided by 133?
118
Calculate the remainder when 7816 is divided by 412.
400
What is the remainder when 351448 is divided by 5?
3
What is the remainder when 16433 is divided by 55?
43
Calculate the remainder when 16613 is divided by 1380.
53
What is the remainder when 936 is divided by 56?
40
Calculate the remainder when 14248 is divided by 279.
19
What is the remainder when 6736 is divided by 919?
303
Calculate the remainder when 15801 is divided by 229.
0
Calculate the remainder when 14343 is divided by 14334.
9
Calculate the remainder when 620128 is divided by 93.
4
Calculate the remainder when 3020 is divided by 79.
18
What is the remainder when 150894 is divided by 37722?
6
What is the remainder when 9894 is divided by 191?
153
What is the remainder when 6551 is divided by 58?
55
What is the remainder when 976162 is divided by 2704?
18
Calculate the remainder when 320863 is divided by 106953.
4
What is the remainder when 33623 is divided by 39?
5
Calculate the remainder when 57995 is divided by 4457.
54
What is the remainder when 253 is divided by 119?
15
Calculate the remainder when 22640 is divided by 4518.
50
Calculate the remainder when 37401 is divided by 761.
112
What is the remainder when 75421 is divided by 8?
5
Calculate the remainder when 5129 is divided by 851.
23
What is the remainder when 21789 is divided by 112?
61
Calculate the remainder when 170765 is divided by 106.
105
What is the remainder when 27607 is divided by 9195?
22
Calculate the remainder when 800 is divided by 421.
379
Calculate the remainder when 317705 is divided by 63537.
20
Calculate the remainder when 488 is divided by 10.
8
Calculate the remainder when 48777 is divided by 16230.
87
What is the remainder when 13402 is divided by 28?
18
What is the remainder when 68492 is divided by 24?
20
What is the remainder when 22671 is divided by 1040?
831
Calculate the remainder when 91735 is divided by 199.
195
What is the remainder when 4657 is divided by 377?
133
What is the remainder when 10991 is divided by 226?
143
What is the remainder when 22949 is divided by 956?
5
What is the remainder when 31419 is divided by 10423?
150
What is the remainder when 29161 is divided by 28872?
289
Calculate the remainder when 66945 is divided by 1175.
1145
What is the remainder when 795514 is divided by 32?
26
What is the remainder when 24940 is divided by 2078?
4
Calculate the remainder when 3343120 is divided by 25.
20
Calculate the remainder when 75239 is divided by 660.
659
What is the remainder when 23663 is divided by 11831?
1
What is the remainder when 6328 is divided by 6244?
84
What is the remainder when 6225 is divided by 283?
282
Calculate the remainder when 85192 is divided by 9.
7
What is the remainder when 4436 is divided by 83?
37
What is the remainder when 30375 is divided by 269?
247
Calculate the remainder when 15481 is divided by 483.
25
Calculate the remainder when 28302 is divided by 1068.
534
Calculate the remainder when 1495 is divided by 667.
161
What is the remainder when 822 is divided by 127?
60
What is the remainder when 68891 is divided by 1861?
34
Calculate the remainder when 6876 is divided by 21.
9
What is the remainder when 15716 is divided by 30?
26
Calculate the remainder when 24427 is divided by 3048.
43
What is the remainder when 1900 is divided by 313?
22
What is the remainder when 14573 is divided by 3643?
1
What is the remainder when 73848 is divided by 142?
8
Calculate the remainder when 316343 is divided by 8111.
14
What is the remainder when 397206 is divided by 318?
24
Calculate the remainder when 4570 is divided by 23.
16
What is the remainder when 110517 is divided by 327?
318
Calculate the remainder when 3141735 is divided by 9.
6
Calculate the remainder when 240 is divided by 41.
35
What is the remainder when 6231 is divided by 116?
83
What is the remainder when 1794432 is divided by 465?
462
What is the remainder when 407109 is divided by 161?
101
Calculate the remainder when 2515 is divided by 346.
93
Calculate the remainder when 20891 is divided by 18.
11
What is the remainder when 15716 is divided by 7851?
14
Calculate the remainder when 35 is divided by 25.
10
What is the remainder when 69793 is divided by 196?
17
What is the remainder when 50386 is divided by 51?
49
Calculate the remainder when 5623 is divided by 2799.
25
Calculate the remainder when 1704 is divided by 96.
72
What is the remainder when 116878 is divided by 58426?
26
Calculate the remainder when 30157 is divided by 52.
49
What is the remainder when 41007 is divided by 176?
175
Calculate the remainder when 76936 is divided by 9616.
8
What is the remainder when 144127 is divided by 942?
1
Calculate the remainder when 5834 is divided by 529.
15
What is the remainder when 3366 is divided by 482?
474
Calculate the remainder when 184298 is divided by 225.
23
Calculate the remainder when 1164 is divided by 22.
20
Calculate the remainder when 9711 is divided by 2780.
1371
Calculate the remainder when 1503 is divided by 297.
18
What is the remainder when 11046 is divided by 43?
38
What is the remainder when 2274 is divided by 276?
66
Calculate the remainder when 52643 is divided by 233.
218
Calculate the remainder when 12389 is divided by 35.
34
What is the remainder when 57851 is divided by 782?
765
What is the remainder when 6886 is divided by 5958?
928
What is the remainder when 359648 is divided by 810?
8
Calculate the remainder when 30309 is divided by 14.
13
Calculate the remainder when 16542 is divided by 8270.
2
What is the remainder when 3373 is divided by 1121?
10
What is the remainder when 55931 is divided by 55866?
65
Calculate the remainder when 34181 is divided by 11387.
20
What is the remainder when 421562 is divided by 242?
240
What is the remainder when 871239 is divided by 22?
17
What is the remainder when 1455 is divided by 7?
6
Calculate the remainder when 276875 is divided by 267.
263
What is the remainder when 7981 is divided by 10?
1
Calculate the remainder when 10384 is divided by 304.
48
Calculate the remainder when 2636 is divided by 825.
161
Calculate the remainder when 58294 is divided by 193.
8
Calculate the remainder when 39830 is divided by 504.
14
What is the remainder when 28693 is divided by 563?
543
Calculate the remainder when 25153 is divided by 43.
41
Calculate the remainder when 50846 is divided by 4232.
62
What is the remainder when 860029 is divided by 339?
325
Calculate the remainder when 208294 is divided by 6508.
38
What is the remainder when 104449 is divided by 20888?
9
Calculate the remainder when 95046 is divided by 31679.
9
Calculate the remainder when 108218 is divided by 70.
68
What is the remainder when 1743 is divided by 505?
228
What is the remainder when 26562 is divided